{"id":512,"date":"2023-04-28T21:02:31","date_gmt":"2023-04-28T19:02:31","guid":{"rendered":"https:\/\/wearenaifs.com\/?post_type=product&#038;p=512"},"modified":"2023-11-24T16:47:16","modified_gmt":"2023-11-24T15:47:16","slug":"naifs02-cover-3","status":"publish","type":"product","link":"https:\/\/wearenaifs.com\/index.php\/product\/naifs02-cover-3\/","title":{"rendered":"Na\u00effs Magazine 02 &#8211; Na\u00effs: More Than Paper and Ink (Cover 3)"},"content":{"rendered":"","protected":false},"excerpt":{"rendered":"<p><strong>Na\u00effs Magazine N\u00b02<\/strong><br \/>\n<span style=\"caret-color: #f5b2dc;\">Na\u00effs: More Than Paper and Ink\u00a0<\/span><br \/>\n&#8212;&#8212;&#8211;<br \/>\nBilingual English-French format<br \/>\n330 pages<br \/>\nPrint format<br \/>\nFinished, 225 \u00d7 300 mm<br \/>\nOpen, 450 \u00d7 300 mm<br \/>\nPremium matte paper<br \/>\nCover 350g<\/p>\n","protected":false},"featured_media":877,"template":"","meta":[],"product_brand":[],"product_cat":[16],"product_tag":[],"class_list":{"0":"post-512","1":"product","2":"type-product","3":"status-publish","4":"has-post-thumbnail","6":"product_cat-uncategorized","8":"first","9":"instock","10":"shipping-taxable","11":"purchasable","12":"product-type-simple"},"jetpack_sharing_enabled":true,"_links":{"self":[{"href":"https:\/\/wearenaifs.com\/index.php\/wp-json\/wp\/v2\/product\/512","targetHints":{"allow":["GET"]}}],"collection":[{"href":"https:\/\/wearenaifs.com\/index.php\/wp-json\/wp\/v2\/product"}],"about":[{"href":"https:\/\/wearenaifs.com\/index.php\/wp-json\/wp\/v2\/types\/product"}],"wp:featuredmedia":[{"embeddable":true,"href":"https:\/\/wearenaifs.com\/index.php\/wp-json\/wp\/v2\/media\/877"}],"wp:attachment":[{"href":"https:\/\/wearenaifs.com\/index.php\/wp-json\/wp\/v2\/media?parent=512"}],"wp:term":[{"taxonomy":"product_brand","embeddable":true,"href":"https:\/\/wearenaifs.com\/index.php\/wp-json\/wp\/v2\/product_brand?post=512"},{"taxonomy":"product_cat","embeddable":true,"href":"https:\/\/wearenaifs.com\/index.php\/wp-json\/wp\/v2\/product_cat?post=512"},{"taxonomy":"product_tag","embeddable":true,"href":"https:\/\/wearenaifs.com\/index.php\/wp-json\/wp\/v2\/product_tag?post=512"}],"curies":[{"name":"wp","href":"https:\/\/api.w.org\/{rel}","templated":true}]}}